 + 50. Suppose -j = f - 5, u*j + a = 5*f - 3*j. List the prime factors of f.
5
Let t = 13 - 8. List the prime factors of (12/t)/((-6)/(-20)).
2
Let x(q) = -28*q - 1. Let h be x(-1). Suppose 2*s = -s + h. Let o = 16 - s. What are the prime factors of o?
7
Suppose -31 = -4*h - i, 3*h + 3*i - 7 - 14 = 0. List the prime factors of h.
2
Suppose 2*r + 0*r + 744 = 5*x, x = 4*r + 156. What are the prime factors of x?
2, 37
Suppose 0 = -4*u - 3*f + 16, -3*f = -17 + 5. Let n(m) = -m + 1. Let p(b) = -8*b**2 - 6*b + 5. Let t(z) = 4*n(z) - p(z). What are the prime factors of t(u)?
3
Let v(g) = -4*g - 3. Suppose 0*y = -y - 2. What are the prime factors of v(y)?
5
Let g = 22 + 16. Suppose 0*t = -2*t + 2*h + 56, t + 4*h - g = 0. List the prime factors of t.
2, 3, 5
What are the prime factors of 149/2 + (-60)/40?
73
Suppose 26 = o + 5*v, -3*o = -4*o - v + 10. What are the prime factors of 64/o + (-8)/(-24)?
11
Suppose -7 = 2*f - 5. Let s be (-3)/(-3) + 2*1. Let z = s + f. List the prime factors of z.
2
Suppose -4*q - 20 = q. List the prime factors of (-4)/(-16) + (-139)/q.
5, 7
What are the prime factors of ((-2)/3)/(4/(-198))?
3, 11
What are the prime factors of 9 + 49/(-7) - 210/(-1)?
2, 53
Let k(x) = -x**3 - 3*x**2 - 2*x - 7. Let b(c) = -c**3 - 3*c**2 - 3*c - 7. Let n(s) = -5*b(s) + 6*k(s). What are the prime factors of n(-5)?
2, 7
Let v(q) = 27*q**3 + 13*q**2 - 11*q + 9. Let p(y) = -14*y**3 - 7*y**2 + 6*y - 5. Let o(j) = -11*p(j) - 6*v(j). What are the prime factors of o(-1)?
2
Let r(g) = g**2 - 2*g - 3. Let s be r(6). Let t = s + 18. What are the prime factors of t?
3, 13
Let v = 0 + 8. Let p = 10 - v. List the prime factors of p.
2
Let t be 20/6 + 2/3. Suppose t*y + y = 15. What are the prime factors of y?
3
Suppose 5*x = x. What are the prime factors of (-2 + -1)*(x - 1)?
3
Let v(y) = 2*y**2 - 1. Let n = 4 + -7. List the prime factors of v(n).
17
Let l(d) = -242*d**3 + d**2 + 4*d + 4. What are the prime factors of l(-1)?
3
Suppose -2*v = -7*v + 135. Suppose 53 = 2*y - 3*p, y + 0*p - 2*p - v = 0. What are the prime factors of y?
5
Suppose 5*g + 331 - 2255 = 2*w, 3*w = -4*g + 1553. What are the prime factors of g?
2, 193
Suppose i - 1 = -7. What are the prime factors of (6 - 1) + (-24)/i?
3
Suppose d + 9 = 4*d. List the prime factors of d.
3
Suppose -2*i - 5*n = -2, -2*i = n + n - 14. Suppose -2*u - 3*t = -31, t - 3 - i = -u. List the prime factors of u.
11
Let u(a) = 4*a**2 - 2*a - 6. Let h be u(4). Let f = -22 + h. List the prime factors of f.
2, 7
Suppose 2*u = 2*x - 3*u - 76, -3*x + 4*u + 100 = 0. Let l = 55 - x. Suppose -3*g - 47 = -4*h, 2*h + 3*g - l = 10. What are the prime factors of h?
2, 7
Suppose 0 = -2*y + 5*f + 293, 2*y + y - 462 = 3*f. What are the prime factors of y?
3, 53
Let h be -1 + -2 - (-2 + 4). Let w = h - -20. What are the prime factors of w?
3, 5
Let w(d) = -d**3 + 8*d**2 + 2*d + 2. What are the prime factors of w(7)?
5, 13
Let c(d) = 2*d - 11. Let a(j) = -j + 5. Let k(m) = -9*a(m) - 4*c(m). Let x(u) = -u. Let s(b) = -7*k(b) - 6*x(b). List the prime factors of s(0).
7
Let m = -16 - -18. Suppose 0 = -m*l - 10, 2*t + l - 12 = t. What are the prime factors of t?
17
Let z be (3 + (-46)/6)*-3. Suppose n + 0*n = z. What are the prime factors of n?
2, 7
Suppose 5 + 15 = 5*i, -4*i - 17 = -3*n. What are the prime factors of n?
11
Let i(p) = 3*p**3 + 2*p**2 + 3*p + 5. Let b(t) = -t**2 + 1. Let n(r) = 3*b(r) - i(r). List the prime factors of n(-3).
43
Let s = 4 + -3. Let l be (0 - (1 - 3))/s. Suppose -10 = l*p - 4*p. List the prime factors of p.
5
Let k be 177/3 + 1 + -2. Let p be k/(-4) + 4/8. What are the prime factors of (-4)/14 - 214/p?
3, 5
Let t(c) = c**2 - 5*c + 3. Let k be t(5). Suppose -4*f - 43 = -k*g, -f + 25 = 2*g - 0*f. What are the prime factors of g?
13
Let u(x) = 5*x**2 + 3*x - 3. List the prime factors of u(4).
89
Suppose 0 = -k + o - 6*o - 12, -4*k + 5*o + 27 = 0. What are the prime factors of (12/k)/((-4)/(-6))?
2, 3
Suppose 0 = -2*w + a + 637, -5*w - 4*a = -1500 - 60. List the prime factors of w.
2, 79
Let o be 3 + -3 + 2 - 2. Let w(u) = -u**3 + u**2 + u + 3. Let l be w(o). List the prime factors of l/5 - 248/(-20).
13
Let b = -13 - -18. Suppose 0*j + b*j - 25 = 0. Let n = 13 - j. List the prime factors of n.
2
Suppose 3*j - 15 = 5*f, -2*j = -5*f - 0 - 10. Suppose -b + 0 = -3. Suppose -3*m = 2*u - b*u + 1, -u = j*m - 17. List the prime factors of u.
7
Let v = 12 - 15. Let o(h) = h**3 + 5*h**2 + 3*h. What are the prime factors of o(v)?
3
Let x(h) = 20*h. What are the prime factors of x(2)?
2, 5
Let u be -6 + 13 - (-1 + 0). Suppose -w = k - 6, -w - 4*k + 2*k + u = 0. List the prime factors of (w/5)/(2/25).
2, 5
Let n = 5 - 1. Suppose -n*o + 2 = -3*o. Suppose -15 = -o*y + 17. List the prime factors of y.
2
Let q(c) = c**3 + c + 7*c**2 - 18*c**2 + 16*c**2 + 0*c + 2. Suppose -4*x + 4*n = x + 8, -2*n = -4*x - 10. List the prime factors of q(x).
2, 7
Let v(f) = -f**2 - 13*f + 2. Let a(g) be the second derivative of -g**4/12 - 7*g**3/6 - 2*g**2 + g. Let o be a(-8). List the prime factors of v(o).
2, 7
Let d = -3 - -8. Let p be (-12)/5*d/(-2). List the prime factors of ((-6)/5)/(p/(-15)).
3
Let n(m) = -7*m**3 + 8*m**2 - 7*m - 8. Let a(o) = -3*o**3 + 4*o**2 - 3*o - 4. Let s(w) = -9*a(w) + 4*n(w). Let r = 5 + -9. What are the prime factors of s(r)?
2
Let t be 120/9*1*3. Let q = -16 + t. List the prime factors of (12/9)/(2/q).
2
Suppose 0*b - 135 = -3*b. Suppose -q + l + 9 = 0, 4*q - l = -6*l + b. List the prime factors of q.
2, 5
Let o(y) = y**3 + 5*y**2 + 3*y - 1. Let u be o(-3). Let z = u - 7. Suppose -15 = -r + z. What are the prime factors of r?
2
Suppose -2*s = s - 63. Suppose 4*y - 39 = -5*k, 4*y - k - s - 24 = 0. What are the prime factors of y?
11
Let r = -11 - -43. Suppose 3*d - r = 2*d. Suppose 3*c - d = -c. What are the prime factors of c?
2
Suppose -2*z - 2*f = -52, -6*z + 5*f + 8 = -5*z. List the prime factors of z.
23
Suppose 0 = 2*j - 5*j - x + 634, 5*j + 3*x = 1058. List the prime factors of j.
211
Let g(j) = -2*j**2 - 13*j - 2. Let q be g(-6). Suppose 0 = t + r + q - 17, -4*r - 16 = 0. What are the prime factors of t?
17
Let i = 4 - -1. Let u be 0 + (2 - 12/3). What are the prime factors of (u/i)/((-2)/40)?
2
Let m = 87 + -18. What are the prime factors of m?
3, 23
Let l = -6 - -8. Let a be (-3)/(-6) + 15/l. Let r = 12 - a. List the prime factors of r.
2
Let m = -10 - -5. Let n = m + 4. List the prime factors of ((-2)/5)/(n/35).
2, 7
List the prime factors of (2 + (-166)/8)/((-9)/36).
3, 5
Let i(n) be the third derivative of -n**5/60 + n**4/4 - 5*n**3/6 - n**2. List the prime factors of i(4).
3
Let q be 2/(1 - 225/231). Suppose -5*f - 2 = -q. Suppose -m + f = 4. What are the prime factors of m?
11
Let d(g) = -g**2 + 16*g. What are the prime factors of d(12)?
2, 3
Let d = -60 - -32. Let o = -19 - d. List the prime factors of o.
3
Suppose -4*a + 20 = -5*k, 0 = 2*a - k + 4*k + 12. Suppose a = 2*d - 17 - 47. List the prime factors of d.
2
Let c(n) = 2*n**2 + 11*n + 12. Let b be c(-6). Suppose 5*z - b = 92. List the prime factors of z.
2, 11
Let q(d) = -d**2 - 16*d - 14. Let l(a) = a**2 - 7*a - 2. Let u be l(4). What are the prime factors of q(u)?
2, 7
Let p be (-1 - (-3 - 0)) + -2. Suppose -34 = -2*g - 2. Suppose -w - w + g = p. List the prime factors of w.
2
Let p(l) = -l**3 + 5*l**2 + 3*l - 6. Let t be p(5). What are the prime factors of (-1)/(-3) + 42/t?
5
Suppose -5*b - 35 + 13 = -d, -b - 4 = 0. Suppose 6 = -0*m + d*m. Suppose -m*c = -6*c + 30. List the prime factors of c.
2, 5
Suppose 11 = 5*r + 31. Let z be ((-66)/(-4))/((-2)/r). Suppose -4*f = -19 - z. What are the prime factors of f?
13
Suppose -3*r = -64 - 32. What are the prime factors of r?
2
Suppose 8*z = z + 315. What are the prime factors of z?
3, 5
Let z = 39 - 19. Suppose 10*w = 5*w + z. What are the prime factors of w?
2
Suppose -2*y + 2*b + 8 = -6, 4*y = -4*b - 12. Let c be (y/3)/(2/6). Suppose -4*z + 5*j = -72, -z - 2*j - c*j = 3. What are the prime factors of z?
13
Let y be -2 - (2*-2 - 1). Suppose -5 = -y*l + 7. Let c = 0 + l. List the prime factors of c.
2
Let d(k) = 5*k**2 + 24*k + 5. What are the prime factors of d(6)?
7, 47
Suppose 0 = 3*g + 1 - 7. List the prime factors of 1/(g/(-2))*-9.
3
Let y be (19 + 1)/((-4)/(-6)). Suppose g + y = -0*g